2?
14
Calculate the remainder when 773 is divided by 115.
83
What is the remainder when 146 is divided by 38?
32
Calculate the remainder when 4226 is divided by 151.
149
What is the remainder when 217 is divided by 88?
41
What is the remainder when 513 is divided by 67?
44
What is the remainder when 495 is divided by 159?
18
What is the remainder when 282 is divided by 22?
18
Calculate the remainder when 133 is divided by 15.
13
What is the remainder when 27 is divided by 26?
1
What is the remainder when 336 is divided by 101?
33
Calculate the remainder when 4 is divided by 1.
0
What is the remainder when 130 is divided by 23?
15
Calculate the remainder when 5961 is divided by 89.
87
Calculate the remainder when 76 is divided by 16.
12
What is the remainder when 602 is divided by 11?
8
What is the remainder when 63 is divided by 3?
0
Calculate the remainder when 2429 is divided by 241.
19
What is the remainder when 167 is divided by 57?
53
Calculate the remainder when 115 is divided by 36.
7
What is the remainder when 1382 is divided by 200?
182
Calculate the remainder when 365 is divided by 41.
37
Calculate the remainder when 204 is divided by 2.
0
Calculate the remainder when 4067 is divided by 9.
8
Calculate the remainder when 333 is divided by 7.
4
What is the remainder when 5311 is divided by 33?
31
What is the remainder when 16110 is divided by 106?
104
Calculate the remainder when 44 is divided by 39.
5
Calculate the remainder when 453 is divided by 146.
15
Calculate the remainder when 39393 is divided by 49.
46
What is the remainder when 1009 is divided by 140?
29
What is the remainder when 3779 is divided by 6?
5
Calculate the remainder when 4464 is divided by 22.
20
Calculate the remainder when 261 is divided by 29.
0
Calculate the remainder when 10 is divided by 8.
2
Calculate the remainder when 49 is divided by 47.
2
What is the remainder when 167 is divided by 44?
35
What is the remainder when 199 is divided by 156?
43
Calculate the remainder when 128 is divided by 10.
8
What is the remainder when 2697 is divided by 15?
12
Calculate the remainder when 1354 is divided by 113.
111
What is the remainder when 41 is divided by 12?
5
What is the remainder when 94 is divided by 3?
1
What is the remainder when 32 is divided by 14?
4
What is the remainder when 2647 is divided by 106?
103
What is the remainder when 1234 is divided by 25?
9
Calculate the remainder when 118 is divided by 17.
16
Calculate the remainder when 325 is divided by 15.
10
What is the remainder when 473 is divided by 25?
23
Calculate the remainder when 2663 is divided by 24.
23
Calculate the remainder when 1084 is divided by 16.
12
What is the remainder when 2603 is divided by 20?
3
Calculate the remainder when 438 is divided by 9.
6
What is the remainder when 1425 is divided by 179?
172
What is the remainder when 191 is divided by 28?
23
What is the remainder when 1663 is divided by 313?
98
What is the remainder when 155 is divided by 27?
20
Calculate the remainder when 66 is divided by 18.
12
What is the remainder when 588 is divided by 27?
21
Calculate the remainder when 2651 is divided by 188.
19
What is the remainder when 287 is divided by 21?
14
What is the remainder when 2921 is divided by 141?
101
Calculate the remainder when 665 is divided by 8.
1
Calculate the remainder when 7528 is divided by 6.
4
What is the remainder when 213 is divided by 77?
59
What is the remainder when 587 is divided by 15?
2
Calculate the remainder when 327 is divided by 47.
45
What is the remainder when 331 is divided by 111?
109
What is the remainder when 324 is divided by 25?
24
Calculate the remainder when 623 is divided by 104.
103
What is the remainder when 1494 is divided by 1493?
1
Calculate the remainder when 337 is divided by 26.
25
What is the remainder when 571 is divided by 176?
43
Calculate the remainder when 138 is divided by 126.
12
Calculate the remainder when 64 is divided by 21.
1
Calculate the remainder when 108 is divided by 17.
6
Calculate the remainder when 185 is divided by 85.
15
What is the remainder when 138 is divided by 31?
14
What is the remainder when 531 is divided by 184?
163
Calculate the remainder when 145 is divided by 30.
25
What is the remainder when 116 is divided by 7?
4
What is the remainder when 1162 is divided by 97?
95
What is the remainder when 116 is divided by 26?
12
What is the remainder when 779 is divided by 130?
129
What is the remainder when 153 is divided by 16?
9
Calculate the remainder when 1915 is divided by 81.
52
Calculate the remainder when 69 is divided by 37.
32
What is the remainder when 928 is divided by 916?
12
What is the remainder when 826 is divided by 69?
67
Calculate the remainder when 2431 is divided by 22.
11
What is the remainder when 137 is divided by 64?
9
Calculate the remainder when 462 is divided by 154.
0
What is the remainder when 715 is divided by 192?
139
Calculate the remainder when 252 is divided by 43.
37
Calculate the remainder when 17 is divided by 5.
2
Calculate the remainder when 1147 is divided by 45.
22
Calculate the remainder when 295 is divided by 45.
25
What is the remainder when 644 is divided by 43?
42
What is the remainder when 213 is divided by 36?
33
What is the remainder when 3861 is divided by 29?
4
What is the remainder when 734 is divided by 23?
21
What is the remainder when 908 is divided by 10?
8
What is the remainder when 1615 is divided by 1612?
3
Calculate the remainder when 1762 is divided by 21.
19
What is the remainder when 2590 is divided by 27?
25
Calculate the remainder when 5366 is divided by 30.
26
What is the remainder when 7 is divided by 5?
2
Calculate the remainder when 2869 is divided by 54.
7
Calculate the remainder when 682 is divided by 6.
4
What is the remainder when 7904 is divided by 15?
14
Calculate the remainder when 271 is divided by 25.
21
Calculate the remainder when 189 is divided by 65.
59
Calculate the remainder when 81 is divided by 15.
6
What is the remainder when 583 is divided by 39?
37
Calculate the remainder when 116 is divided by 63.
53
Calculate the remainder when 509 is divided by 426.
83
Calculate the remainder when 51 is divided by 41.
10
What is the remainder when 3056 is divided by 23?
20
What is the remainder when 839 is divided by 77?
69
What is the remainder when 132 is divided by 44?
0
What is the remainder when 2155 is divided by 98?
97
What is the remainder when 545 is divided by 109?
0
What is the remainder when 1176 is divided by 76?
36
Calculate the remainder when 1259 is divided by 140.
139
What is the remainder when 102 is divided by 27?
21
What is the remainder when 349 is divided by 103?
40
What is the remainder when 53 is divided by 17?
2
Calculate the remainder when 88 is divided by 15.
13
What is the remainder when 1161 is divided by 165?
6
What is the remainder when 3412 is divided by 8?
4
What is the remainder when 23 is divided by 4?
3
Calculate the remainder when 224 is divided by 103.
18
Calculate the remainder when 354 is divided by 17.
14
Calculate the remainder when 1687 is divided by 68.
55
What is the remainder when 213 is divided by 66?
15
Calculate the remainder when 119 is divided by 58.
3
What is the remainder when 145 is divided by 37?
34
What is the remainder when 195 is divided by 91?
13
Calculate the remainder when 42 is divided by 32.
10
Calculate the remainder when 735 is divided by 46.
45
Calculate the remainder when 645 is divided by 95.
75
What is the remainder when 16739 is divided by 124?
123
What is the remainder when 666 is divided by 28?
22
What is the remainder when 16469 is divided by 30?
29
What is the remainder when 356 is divided by 7?
6
Calculate the remainder when 4556 is divided by 53.
51
Calculate the remainder when 1760 is divided by 57.
50
What is the remainder when 22 is divided by 11?
0
What is the remainder when 126 is divided by 62?
2
What is the remainder when 109 is divided by 28?
25
What is the remainder when 170 is divided by 35?
30
What is the remainder when 516 is divided by 14?
12
What is the remainder when 316 is divided by 155?
6
What is the remainder when 447 is divided by 142?
21
Calculate the remainder when 346 is divided by 4.
2
What is the remainder when 47 is di